ighest common factor of d and 48?
12
Let l be ((-34)/(-1) + -1)*-1. Let b = -1 - l. Let s be 79 - (-4 - (1 + -4)). Calculate the greatest common factor of s and b.
16
Let f be 4 - 6 - (-1 - -2). Let j be (-2)/2 - (-21 - f). What is the highest common divisor of 153 and j?
17
Suppose -5*g - 2 = -5*u + 3, -g - 5*u + 17 = 0. Let z(f) = -17*f - 1. Let m be z(-1). What is the highest common divisor of g and m?
2
Suppose -5*a + 25 = 2*h - h, 4*a = 5*h - 9. Suppose h*x - 580 = 320. Suppose 5*p = -0*p + x. Calculate the highest common factor of 4 and p.
4
Let w = -10 + 22. What is the highest common divisor of 12 and w?
12
Let i = 55 - 34. Let f be (-1)/((-2)/(-20)*2). Let j = f + 8. What is the highest common divisor of j and i?
3
Let u = 5 - 1. Suppose -5*q + 55 = -w, -48 = -2*q + u*w - 8. What is the highest common factor of 15 and q?
5
Let n(q) = q + 10. Let t be n(-9). Let l = 48 + t. Suppose -22 = -4*s + 3*u, -2*u = 3*s - u - 23. What is the greatest common factor of l and s?
7
Let l be (18/15)/(1/(-10)). Let q be (-5)/(5/l) - 2. Calculate the greatest common factor of q and 2.
2
Let k be 74/(-9) - 2/(-9). Let j be 18/(-8)*k/2. Calculate the greatest common divisor of j and 36.
9
Let x(b) be the second derivative of b**3/6 - 2*b. Let a be x(8). Let g be a*(-1 - (-6)/4). Calculate the greatest common factor of 2 and g.
2
Let i = 33 - 17. Let d = -13 + i. Suppose 5*w - 9 - 36 = 0. What is the highest common divisor of w and d?
3
Let b(v) = -v**3 - 10*v**2 + 11*v + 22. Let u be b(-11). What is the greatest common divisor of u and 242?
22
Let s = -4 + 18. Let t(q) = 2*q + 4 + 0*q - 4. Let k be t(1). What is the highest common factor of s and k?
2
Suppose -4*k = -k. Suppose 2*z - 24 = 2*n, k = -3*z - n - 0*n + 24. Calculate the highest common factor of z and 9.
9
Let p = 8 - -24. What is the highest common factor of p and 8?
8
Let v = 406 + -203. Calculate the greatest common factor of 29 and v.
29
Let g = -8 + 14. Let x be (-5)/(-15) + 118/g. Calculate the highest common divisor of x and 50.
10
Let b(s) = -5*s + 4. Let u be b(2). Let w = u + 13. Calculate the greatest common divisor of 63 and w.
7
Suppose -3*h + h = 0. Suppose h = 5*n - 18 - 37. What is the highest common divisor of 55 and n?
11
Let f be 8/10*770/4. Let c be 1 - 13/(-1)*1. What is the highest common factor of c and f?
14
Let t be ((-690)/25)/((-6)/40). Let l = -4 - -27. Calculate the highest common divisor of t and l.
23
Suppose -5*f - 11 = -61. Let s = f - -4. Calculate the highest common divisor of 56 and s.
14
Let y be -27*(-27)/6*2. Suppose 0*t = -3*t + y. Let n = 24 - 15. Calculate the greatest common divisor of n and t.
9
Let o be 115 - (-1 - (-6 - -4)). Calculate the greatest common factor of 76 and o.
38
Suppose -72 = -5*f + f. What is the greatest common factor of f and 81?
9
Let g = 8 - 4. Suppose -2*t = -7*t + 2*f + 24, 5*t - 18 = g*f. Calculate the greatest common divisor of 6 and t.
6
Let q = 80 + -20. Suppose -4*w = 2*d - 24 - 24, 4*d - 96 = -2*w. What is the highest common divisor of d and q?
12
Suppose 0 = -2*k - 2*k + 5*y + 32, 0 = 2*k + y - 2. Suppose -q = -4*g + 108, -g + k*q + 32 = -6. What is the greatest common factor of 39 and g?
13
Suppose 4*s = -3*m - 5 + 23, -m = 3*s - 6. Calculate the highest common factor of m and 3.
3
Let j(g) = -2*g**2 + 5 - g - 4*g**3 + 3*g**3 + 6*g - 3*g**2. Let n be j(-6). Calculate the greatest common factor of 33 and n.
11
Let c(y) = -y + 7. Let q be c(6). Let v(d) = 6*d - 6*d - q + 7*d**2. Let p be v(1). What is the highest common divisor of p and 6?
6
Let z(m) = -2*m**3 - 3*m**2 + m - 3. Let a be z(-3). Calculate the highest common factor of a and 273.
21
Let x = 42 - 8. Let n = -24 + x. Let i be 78/n + (-1)/(-5). What is the greatest common divisor of 4 and i?
4
Let o = 3 - -9. Let t be (-3 - 5/(-2))*2. Let x = t - -19. What is the greatest common factor of x and o?
6
Suppose 3*w - 3*x = 50 - 14, 4*w + 2*x = 36. Calculate the greatest common divisor of 15 and w.
5
Let d(x) = 23*x + 25. Let p be d(5). Calculate the highest common factor of p and 7.
7
Suppose 1 = 4*l + 9, -l = 5*g - 23. Suppose 3*a - g = 40. Let q(n) = -n**3 + 5*n**2 - 5*n + 2. Let h be q(3). What is the highest common factor of a and h?
5
Suppose -4*d + 92 = 3*j, 0 = 2*j + 4*d - 5*d - 54. What is the greatest common divisor of 42 and j?
14
Let f(g) = -g**3 + 8*g**2 - 8*g - 2. Let n be f(6). Suppose 2*d - 661 + 177 = 0. What is the greatest common factor of d and n?
22
Let g(p) = 2*p**2 - 8*p - 9. Let q be g(8). Suppose -8 = -2*f, -5*f - 90 = 3*j - 8*j. Calculate the greatest common factor of q and j.
11
Suppose -h - 262 - 40 = -5*t, 2*t - 5*h - 130 = 0. What is the greatest common divisor of t and 40?
20
Let n(q) = 2*q - 5*q + 4*q + 1. Let j be n(3). Suppose 3*u = -a + 32, j*u + 1 = 5*a + 31. What is the greatest common divisor of u and 20?
10
Suppose -8*p + 4*z = -4*p - 32, 5*p = -5*z - 10. Calculate the highest common factor of p and 6.
3
Let r = 66 + -31. What is the greatest common factor of 7 and r?
7
Suppose 4*o - 597 - 107 = 0. Let g be -3 + 1 + (20 - 2). Calculate the greatest common factor of o and g.
16
Suppose 4*i - y - 12 = 0, 4*i - 5*y = -y + 24. Let u be 6/(-15) + (-6)/10. Let f be u/((-1)/(-1 - -6)). What is the greatest common divisor of i and f?
1
Let p = 6 - 3. Let b(c) = 19*c + 2. Let d be b(3). Suppose -2*n = -3*i + 182, -p*i - n + d = -2*i. Calculate the highest common factor of i and 12.
12
Suppose 4*z = -2*c + 140, 2*z + 218 = -0*c + 3*c. What is the greatest common divisor of 8 and c?
8
Let v be (-3 + -3 + 7)*21. What is the greatest common factor of 84 and v?
21
Suppose 4*q - 37 = -0*q - 5*y, -2*q = -5*y + 19. Suppose -v + 168 = q*v. What is the highest common factor of 28 and v?
14
Suppose 2*p + 10 = -2*b, -6*p - b = -p + 29. Let a = -16 + p. Let v = 39 + a. What is the greatest common divisor of 68 and v?
17
Let u = -9 - 24. Let x = u - -49. Suppose 4*m - 32 = -b, -2*b + 0 + 32 = 4*m. What is the highest common factor of m and x?
8
Let u be ((-17)/(-4))/(2/8). Calculate the greatest common divisor of u and 68.
17
Let k = -3 + 31. Let c = k + 43. Suppose -5 = 3*g - c. What is the highest common divisor of 55 and g?
11
Let g be ((-2)/6)/(4/(-12)). Let v be -1 - g*2*-2. Suppose v*o + 3 = -2*x, 0*x + 2*o = -4*x + 6. Calculate the greatest common factor of 33 and x.
3
Let k(d) = d**3 - 10*d**2 + 2*d - 2. Let b be k(10). Suppose 3*h - 27 = -9. Calculate the greatest common divisor of b and h.
6
Let r be (-15)/12 - 3/4. Let q = 13 - r. Calculate the greatest common divisor of q and 5.
5
Let w = 65 + -35. Calculate the greatest common divisor of 10 and w.
10
Let v = 159 - 44. Suppose 2*m + 52 = -c - c, v = -5*m - 2*c. Let l = m + 32. Calculate the greatest common factor of l and 11.
11
Let v be (-3)/(-8)*-2*-20. Suppose -15 = -4*l - 3*j, 0*l - l + 15 = -3*j. Calculate the highest common divisor of l and v.
3
Let v be 2 - (-4 + 7 - 58). What is the greatest common factor of 19 and v?
19
Suppose -3*m + 5*w = -5*m - 13, -4*w = -3*m + 38. What is the greatest common divisor of 21 and m?
3
Let m be 1/(-2)*-4*-11. Let x be -2*m*(-3)/(-4). Let j be (1 - -1)*(-18)/(-12). What is the greatest common divisor of x and j?
3
Suppose 0 = -0*v - 2*v + 72. Suppose 8 = -2*s + v. Calculate the greatest common divisor of 42 and s.
14
Suppose -2*o + 8 + 26 = 0. Let k = 20 + 4. Let q = 41 - k. What is the highest common divisor of o and q?
17
Let s be 2/((-3)/5 - -1). Suppose -29 + 1 = -4*m - 4*i, 0 = -4*i - 12. Calculate the greatest common factor of m and s.
5
Let y be 36/3 + -3 + 1. Calculate the greatest common factor of 10 and y.
10
Suppose 32 = 2*k - 2*l - 16, -l = -1. Let w be k/3 - (-5)/(-15). What is the highest common divisor of w and 8?
8
Suppose -49 = -5*i + 346. Let r = -52 + i. Suppose 3*p - 6*p + r = 0. Calculate the greatest common divisor of p and 63.
9
Suppose -4*m = -6*m + u + 61, u = 3*m - 89. Let q be 0 + 5 - (2 + 0). Suppose g - q*g + 8 = 4*h, 4*h + 4 = -5*g. What is the greatest common divisor of m and h?
4
Suppose 4*w + 65 = 5*w. What is the greatest common divisor of w and 26?
13
Let d be (32 - 2) + (-4 - -2). Calculate the greatest common factor of d and 56.
28
Suppose 0 = 3*g - 2*t + 1, -4*g + 20 = g + t. Let l(y) = y**2 + 3*y + 9. L